2, 5, 1578047
List the prime factors of 26709.
3, 29, 307
What are the prime factors of 4414761?
3, 13, 97, 389
List the prime factors of 1387800.
2, 3, 5, 257
List the prime factors of 17550234.
2, 3, 13, 179, 419
List the prime factors of 178181.
23, 61, 127
What are the prime factors of 219770?
2, 5, 21977
What are the prime factors of 2339022?
2, 3, 7, 55691
List the prime factors of 274480.
2, 5, 47, 73
List the prime factors of 4265538.
2, 3, 17, 19, 31, 71
List the prime factors of 9017298.
2, 3, 166987
List the prime factors of 282822.
2, 3, 47137
What are the prime factors of 2153881?
23, 37, 2531
List the prime factors of 901639.
29, 31091
List the prime factors of 160423.
160423
What are the prime factors of 10056156?
2, 3, 11, 29, 37, 71
List the prime factors of 466820.
2, 5, 17, 1373
List the prime factors of 33396693.
3, 11, 359, 2819
What are the prime factors of 103765?
5, 20753
List the prime factors of 2265650.
2, 5, 113, 401
What are the prime factors of 7655601?
3, 2551867
What are the prime factors of 168528?
2, 3, 3511
What are the prime factors of 584980?
2, 5, 11, 2659
List the prime factors of 76978.
2, 11, 3499
What are the prime factors of 1456296?
2, 3, 60679
List the prime factors of 13988673.
3, 518099
What are the prime factors of 2992486?
2, 7, 37, 53, 109
List the prime factors of 5939245.
5, 13, 91373
What are the prime factors of 415622?
2, 207811
List the prime factors of 358211.
7, 73, 701
What are the prime factors of 198130?
2, 5, 19813
List the prime factors of 321286.
2, 7, 53, 433
What are the prime factors of 2021105?
5, 404221
What are the prime factors of 449677?
449677
What are the prime factors of 24531?
3, 13, 17, 37
What are the prime factors of 1374962?
2, 687481
List the prime factors of 166259.
166259
List the prime factors of 1958210.
2, 5, 59, 3319
List the prime factors of 234792.
2, 3, 1087
What are the prime factors of 473507?
473507
List the prime factors of 1137655.
5, 227531
What are the prime factors of 8102236?
2, 47, 71, 607
List the prime factors of 358152.
2, 3, 14923
List the prime factors of 39501.
3, 7, 11, 19
List the prime factors of 12361907.
17, 491, 1481
What are the prime factors of 18667940?
2, 5, 933397
What are the prime factors of 31618352?
2, 29, 83, 821
What are the prime factors of 10742615?
5, 13, 29, 41, 139
What are the prime factors of 311617?
67, 4651
What are the prime factors of 2217998?
2, 1108999
What are the prime factors of 233288?
2, 11, 241
List the prime factors of 4943768.
2, 617971
What are the prime factors of 748050?
2, 3, 5, 4987
List the prime factors of 802047.
3, 19, 14071
What are the prime factors of 2047997?
7, 307, 953
What are the prime factors of 2687285?
5, 29, 43, 431
What are the prime factors of 465382?
2, 23, 67, 151
List the prime factors of 83340.
2, 3, 5, 463
What are the prime factors of 1128323?
7, 23027
List the prime factors of 866437.
11, 13, 73, 83
List the prime factors of 186893.
7, 26699
List the prime factors of 993251.
7, 47, 3019
List the prime factors of 319494.
2, 3, 7, 7607
What are the prime factors of 441277?
137, 3221
What are the prime factors of 566172?
2, 3, 15727
What are the prime factors of 1618744?
2, 202343
What are the prime factors of 231667?
19, 89, 137
List the prime factors of 6963.
3, 11, 211
What are the prime factors of 29146?
2, 13, 19, 59
What are the prime factors of 14481507?
3, 4827169
List the prime factors of 229340.
2, 5, 11467
What are the prime factors of 5586112?
2, 7, 37, 337
What are the prime factors of 8830181?
29, 304489
List the prime factors of 5678916.
2, 3, 47, 10069
List the prime factors of 7982199.
3, 293, 1009
List the prime factors of 1964949.
3, 7, 13367
List the prime factors of 10336009.
283, 36523
List the prime factors of 2691128.
2, 11, 53, 577
List the prime factors of 882219.
3, 13, 22621
List the prime factors of 7007965.
5, 107, 13099
List the prime factors of 128452.
2, 17, 1889
What are the prime factors of 9032151?
3, 17, 177101
List the prime factors of 275996.
2, 7, 9857
What are the prime factors of 172933?
172933
What are the prime factors of 42823384?
2, 113, 127, 373
What are the prime factors of 863543?
37, 23339
What are the prime factors of 499979?
499979
List the prime factors of 145362.
2, 3, 7, 3461
List the prime factors of 232178.
2, 116089
List the prime factors of 8917839.
3, 7, 353, 401
List the prime factors of 1437671.
151, 9521
What are the prime factors of 6915017?
967, 7151
What are the prime factors of 297596?
2, 13, 59, 97
What are the prime factors of 411998?
2, 113, 1823
List the prime factors of 1464428.
2, 7, 52301
What are the prime factors of 12229216?
2, 382163
What are the prime factors of 336147?
3, 7, 16007
What are the prime factors of 356844?
2, 3, 131, 227
What are the prime factors of 139094?
2, 17, 4091
List the prime factors of 88200.
2, 3, 5, 7
List the prime factors of 21516808.
2, 2689601
List the prime factors of 805959.
3, 7, 11, 1163
What are the prime factors of 4819313?
17, 283489
List the prime factors of 38126.
2, 11, 1733
What are the prime factors of 1005540?
2, 3, 5, 16759
List the prime factors of 3160743.
3, 1053581
List the prime factors of 3749291.
7, 13, 41201
What are the prime factors of 347728?
2, 103, 211
List the prime factors of 12946608.
2, 3, 23, 1303
What are the prime factors of 6924284?
2, 19, 31, 2939
What are the prime factors of 382292?
2, 31, 3083
List the prime factors of 501138.
2, 3, 11, 2531
List the prime factors of 5345134.
2, 2672567
List the prime factors of 520065.
3, 5, 7, 13, 127
List the prime factors of 1417496.
2, 167, 1061
List the prime factors of 8109470.
2, 5, 479, 1693
What are the prime factors of 137954?
2, 23, 2999
What are the prime factors of 9011624?
2, 19, 101, 587
What are the prime factors of 366112?
2, 17, 673
What are the prime factors of 171802?
2, 17, 31, 163
What are the prime factors of 4849630?
2, 5, 199, 2437
What are the prime factors of 11822100?
2, 3, 5, 157, 251
List the prime factors of 2192914.
2, 43, 593
What are the prime factors of 128450?
2, 5, 7, 367
List the prime factors of 794587.
794587
List the prime factors of 28449.
3, 29, 109
List the prime factors of 3009452.
2, 331, 2273
What are the prime factors of 981097?
13, 163, 463
What are the prime factors of 1735590?
2, 3, 5, 57853
What are the prime factors of 436958?
2, 218479
What are the prime factors of 1604992?
2, 12539
List the prime factors of 208998.
2, 3, 17, 683
What are the prime factors of 7596621?
3, 844069
What are the prime factors of 11157618?
2, 3, 1859603
List the prime factors of 34027268.
2, 11, 17, 45491
List the prime factors of 228263.
7, 32609
List the prime factors of 248246.
2, 124123
What are the prime factors of 27480068?
2, 7, 11, 8111
List the prime factors of 282598.
2, 101, 1399
What are the prime factors of 491097?
3, 313, 523
List the prime factors of 752371.
43, 17497
What are the prime factors of 4079055?
3, 5, 193, 1409
What are the prime factors of 250856?
2, 31357
List the prime factors of 2369567.
83, 28549
List the prime factors of 42235333.
7, 6033619
What are the prime factors of 453841?
73, 6217
What are the prime factors of 150001?
150001
List the prime factors of 4797388.
2, 751, 1597
List the prime factors of 148629.
3, 13, 37, 103
List the prime factors of 1620721.
109, 14869
What are the prime factors of 3937471?
211, 18661
List the prime factors of 265357.
443, 599
What are the prime factors of 36031443?
3, 7, 1715783
List the prime factors of 285835.
5, 11, 5197
List the prime factors of 1780816.
2, 111301
What are the prime factors of 1899209?
13, 146093
List the prime factors of 24391.
24391
List the prime factors of 81044.
2, 20261
What are the prime factors of 5643907?
223, 25309
What are the prime factors of 228316?
2, 11, 5189
What are the prime factors of 1856588?
2, 179, 2593
What are the prime factors of 145380?
2, 3, 5, 2423
What are the prime factors of 1014954?
2, 3, 169159
List the prime factors of 17768241.
3, 219361
What are the prime factors of 81230?
2, 5, 8123
List the prime factors of 10449678.
2, 3, 1741613
What are the prime factors of 1313269?
61, 21529
What are the prime factors of 197666?
2, 7, 2017
What are